ided by b.
7
Suppose -v + 1 = 2. Let s = 0 + v. Calculate the remainder when ((-2)/s)/((-10)/(-85)) is divided by 6.
5
Suppose -2*z = -2*x + 52, 2*x + 2*z + 2*z = 58. Calculate the remainder when x is divided by 15.
12
Let o(q) = -q**3 + 4*q**2 + 5*q + 7. Let b be o(5). Let y be 48/(-21) - (-2)/b. Calculate the remainder when 15 is divided by (10/(-15))/(y/24).
7
What is the remainder when 52 is divided by -4*37/(-8) + (-2)/4?
16
Let u = 13 - -1. What is the remainder when 25 is divided by u?
11
Let k = -5 + -15. Let w = -10 + k. Let r = 91 + w. Calculate the remainder when r is divided by 21.
19
Let k(b) = b**2 + b - 7. Let q = -13 + 8. Calculate the remainder when k(q) is divided by 7.
6
Suppose -30 = -3*k - 3. What is the remainder when 16 is divided by k?
7
Suppose -d = g + 4*g - 3, 0 = d - 2*g - 3. What is the remainder when 5 is divided by d?
2
Suppose -143 = -4*t + 189. Let s(o) = -2*o. Let y be s(-2). Suppose y*v + 27 = t. What is the remainder when 26 is divided by v?
12
Suppose 3*r - 6*r = 4*a + 8, 5*r + 16 = -4*a. Let q(w) = -89*w. Let z be q(a). Let g = z + 132. What is the remainder when g is divided by 15?
13
Suppose -s = m - 4*m + 200, -m + 62 = 2*s. Let z(b) = 6*b**2 - 8*b + 15. What is the remainder when m is divided by z(2)?
20
Let s = 35 - -42. What is the remainder when s is divided by 27?
23
Let o = -21 + 45. Suppose 3*j = 3*b - 204, -4*b - 4*j = b - 358. Calculate the remainder when b is divided by o.
22
Let w(m) = -m**2 - 6*m + 17. Calculate the remainder when 17 is divided by w(-7).
7
Suppose 0 = -g + 1 - 6, g = 5*t - 20. Suppose t*p = -p, 3*h + 2*p = 51. Let d = -2 + 11. What is the remainder when h is divided by d?
8
Let r = 41 - 14. Let a = r - 15. Let f(j) = j**2 - 5*j + 9. What is the remainder when f(7) is divided by a?
11
Suppose 2*s + 4 = 3*n, 2*s = 3*n + 5*s - 9. Suppose -n*j - 32 = -2*c + j, 4*c + 4*j = 24. Calculate the remainder when 38 is divided by c.
8
Suppose 0 = -4*a + 10 + 18. Calculate the remainder when (2/4)/(3/72) is divided by a.
5
Let q be (6 + 0)*(-1)/(-2). Let b(z) be the second derivative of z**4/6 - 2*z**3/3 - 3*z. What is the remainder when 15 is divided by b(q)?
3
Let i(o) = o**2 + 13*o - 26. Calculate the remainder when 39 is divided by i(3).
17
Suppose 28 = 5*r + 8. Suppose -2*n + 18 = r*s, 0 = -5*n - s + 3*s + 45. What is the remainder when 26 is divided by n?
8
Suppose 40 = 5*w + c - 35, 0 = -2*c - 10. Calculate the remainder when w is divided by 4.
0
Let t = -38 - -66. What is the remainder when 109 is divided by t?
25
Suppose 4*q - 4*p + 2*p - 22 = 0, -p + 13 = q. Calculate the remainder when 55 is divided by q.
7
Suppose -2*m = -27 - 15. Let p(v) = -v - 4. Let r be p(-8). Suppose 5*s - r = m. Calculate the remainder when 13 is divided by s.
3
Let h = 9 + -4. Let x(q) = q**3 - 6*q**2 + 4*q + 6. Let y = -35 + 36. What is the remainder when x(h) is divided by y?
0
Let k = 3 - -4. Calculate the remainder when 34 is divided by k.
6
Let n = 50 + -33. Let i = n + 3. Suppose -2*m + 8 = 0, -5*b - 5*m = -15 - 40. What is the remainder when i is divided by b?
6
Let o be (12/10)/((-1)/5). Let n = 11 + o. What is the remainder when 13 is divided by n?
3
Suppose 6*p + 410 = 1484. Calculate the remainder when p is divided by 30.
29
Suppose 16 = 3*y - 14. Suppose -4 = 2*z - 10. What is the remainder when y is divided by z?
1
Suppose -7*j = 147 - 518. Calculate the remainder when j is divided by 28.
25
Let g = -26 + 37. Calculate the remainder when g is divided by 7/((-49)/(-12))*49/14.
5
Let v be 3/2*(-1 - -3). Suppose -v*m - 3*r - r = -22, 4*m - 3*r - 46 = 0. What is the remainder when ((-38)/3)/((-2)/3) is divided by m?
9
Let u(l) = l**3 + 6*l**2 + 3*l. Let r be (4/8)/((-2)/20). What is the remainder when 29 is divided by u(r)?
9
Suppose -3*b - a = 0, 7 = 5*a - 8. Suppose -4*n + 0 + 80 = 0. Calculate the remainder when b/(-1)*236/4 is divided by n.
19
Suppose 13 + 15 = a. Suppose 2*n - 21 = -t + n, 3*t - a = 4*n. Calculate the remainder when 1/((-126)/(-62) + -2) is divided by t.
15
What is the remainder when 2/8 + 4740/48 is divided by 20?
19
What is the remainder when 67 is divided by (2/(-4))/((-13)/26) - -3?
3
Suppose -3*j - 20 = -5*j. Calculate the remainder when 39 is divided by j.
9
Let u be (-8)/4 - (5 - 1). Let v be 2/u - 44/(-6). Suppose -2*x - v = -3*x. Calculate the remainder when 20 is divided by x.
6
Suppose -7*w + 92 = -3*w. What is the remainder when 112 is divided by w?
20
Let q(f) = -f**2 + 4*f - 5. Let p be q(-5). Let h = p - -78. Calculate the remainder when h is divided by 15.
13
What is the remainder when 2/((-4)/(-14) - 1/(-21)) is divided by 2?
0
Suppose -26 = -2*x + 4*a, 3*x - 3*a = a + 37. Calculate the remainder when 53 is divided by x.
9
Let q = 22 - 4. Let h(m) = -m**2 + 3*m + 71. What is the remainder when h(0) is divided by q?
17
Let a = -169 + 176. Calculate the remainder when 11 is divided by a.
4
Let o = -36 - -105. What is the remainder when o is divided by 6?
3
What is the remainder when (-6)/(-9) + (-515)/(-15) is divided by 13?
9
Let x(m) = 4*m**2 + 2*m - 1. Let f be x(-4). Let k = -9 + f. What is the remainder when k is divided by 16?
14
Suppose -5*g = 4*m - 122, -72 = -3*g + m - 3*m. Let s be g/18 - (-2)/(-9). What is the remainder when 17 is divided by 0/1 - s*-9?
8
Let c(w) = w**2 + 7*w + 5. Let m be c(-7). Suppose m*x - 10 = 0, 4*q + x = q + 38. Calculate the remainder when 33 is divided by q.
9
Suppose 5*y + 4 = 3*c - 11, -3*y = 5*c - 59. What is the remainder when 37 is divided by c?
7
Let z(k) = -4*k - 13. Let t = 24 + -16. What is the remainder when z(-9) is divided by t?
7
Suppose 2*w - 136 + 28 = 0. Calculate the remainder when w is divided by 36/9*22/8.
10
Let m(c) = -c**2 - 19*c - 4. Calculate the remainder when 89 is divided by m(-17).
29
Let p(z) = z**2 - z - 4. What is the remainder when 11 is divided by p(3)?
1
Let f(n) = 4*n**2 - 12*n + 11. What is the remainder when f(6) is divided by 21?
20
Let w(r) = -r**3 - 7*r**2 + r - 1. Let x be w(-7). Let g(n) = -2*n + 16. What is the remainder when g(x) is divided by 11?
10
Let z be (-35)/(-20) + (-1)/(-4). Suppose 3*i + i - 7 = -r, -z*r = -4*i - 38. Calculate the remainder when r is divided by 8.
7
Let q(f) = f**3 + 10*f**2 - 2*f. What is the remainder when 37 is divided by q(-10)?
17
Let i = 7 - 2. Suppose -5*m + 30 = -i*x, -m - 5*x + 0*x + 36 = 0. What is the remainder when m is divided by 7?
4
Let g(p) = -24*p + 34. What is the remainder when g(-7) is divided by 34?
32
Let b = -603 + 625. Let l(o) be the first derivative of 3*o**2/2 - 1. What is the remainder when b is divided by l(4)?
10
Let u(f) = -f**3 - 6*f**2 + 5*f + 10. Suppose 478 = 5*n + h, -h - 3 = -2*h. What is the remainder when n is divided by u(-7)?
23
Let c be 1/((-30)/33 + 1). Let b be (-4)/(-22) - (-702)/c. Calculate the remainder when 40 is divided by b/3 - (-1)/(-3).
19
Let g = 11 - 7. Let x be 70/21*(-6)/(-4). Suppose -x*u + 23 = 4*r, 0*u - 3 = u - 3*r. What is the remainder when g is divided by u?
1
Let y = 5 - -14. Let w(j) = 6*j + 13. What is the remainder when w(10) is divided by y?
16
Suppose 0 = 20*i - 48 - 892. Calculate the remainder when i is divided by 35.
12
Suppose -v + 5*v - 252 = 0. Let m = v - 41. Calculate the remainder when m is divided by 0 + -1 - (4 + -13).
6
Suppose -2*j + 15 = -23. Suppose -4*s + 4 = -2*s. Suppose -s*t = 2*a + 2*t, 0 = -5*t - 25. Calculate the remainder when j is divided by a.
9
Calculate the remainder when (8/16)/((-1)/(-58)) is divided by 11.
7
Let w(v) = -v**2 - 6*v + 1. Let g(x) = -5. Let c(a) = a + 11. Let y(r) = 2*c(r) + 5*g(r). Calculate the remainder when w(-4) is divided by y(3).
0
What is the remainder when 25 is divided by 4/(24/(-14) + 2)?
11
Let b(d) = d**2 - 4*d + 1. Let p(u) = u**2 + 9*u. Let k be p(-8). Let m be -2*(-4)/(k/(-5)). Calculate the remainder when 17 is divided by b(m).
5
Suppose 4*v + 14 - 54 = 0. Let t = -14 + 32. Calculate the remainder when t is divided by v.
8
Let x = 103 + -78. Calculate the remainder when 26 is divided by x.
1
Calculate the remainder when (19 + -18)/((-1)/(-64)) is divided by 11.
9
What is the remainder when (19*-1)/(7 - 60/8) is divided by 6?
2
Suppose 3*d = 3 + 15. Calculate the remainder when 20 is divided by d.
2
Suppose -3*k = -10